{"id":93,"date":"2023-05-12T08:51:34","date_gmt":"2023-05-12T06:51:34","guid":{"rendered":"https:\/\/www.kirppismuru.fi\/?page_id=93"},"modified":"2026-03-31T16:23:27","modified_gmt":"2026-03-31T14:23:27","slug":"myyntiehdot-ja-ohjeet","status":"publish","type":"page","link":"https:\/\/www.kirppismuru.fi\/?page_id=93","title":{"rendered":"Myyntiehdot ja ohjeet"},"content":{"rendered":"\n<div class=\"wp-block-group is-layout-constrained wp-block-group-is-layout-constrained\">\n<h2 class=\"wp-block-heading has-text-align-center has-medium-font-size\"><strong>Myyntipaikka &amp; hinnat<\/strong><\/h2>\n\n\n\n<p>Myyntipaikan hinta on normaalisti 22\u20ac\/viikko tai 75\u20ac\/kuukausi. Myyntiviikko on seitsem\u00e4n (7) aukiolop\u00e4iv\u00e4\u00e4 ja kuukausi 28 aukiolop\u00e4iv\u00e4\u00e4. <\/p>\n\n\n\n<p>Vuokralainen huolehtii itse myyntipaikkansa siisteydest\u00e4. Halutessasi voit my\u00f6s hy\u00f6dynt\u00e4\u00e4 siivouspalveluamme. Siivouspalvelun hinta on 5\u20ac\/viikko.<\/p>\n\n\n\n<p>T\u00e4yspalvelu sis\u00e4lt\u00e4\u00e4 hinnoittelun, esillepanon, siivouksen ja tavaroiden ker\u00e4yksen myynnin p\u00e4\u00e4tytty\u00e4. T\u00e4yspalvelu maksaa 35\u20ac\/7Pv ja sit\u00e4 on pidett\u00e4v\u00e4 v\u00e4hint\u00e4\u00e4n 14Pv. <\/p>\n\n\n\n<p>P\u00f6yd\u00e4n hintaan kuuluu h\u00e4lytin yli 10\u20ac tuotteille sek\u00e4 muutaman tuotteen myynti vitriiniss\u00e4 erikseen sovittaessa. Vitriini soveltuu erityisesti arvokkaampien tuotteiden myyntiin. Tarrah\u00e4lyttimet myyd\u00e4\u00e4n erikseen 0,10\u20ac\/kpl.<\/p>\n\n\n\n<h2 class=\"wp-block-heading has-text-align-center has-medium-font-size\"><strong>Laskutus, tuotteiden hinnoittelu<\/strong><\/h2>\n\n\n\n<p>Myyntipaikkaan sis\u00e4ltyy 2 tarra-arkkia (66 kpl) hintalappuja. Hintalaput ovat viivakoodillisia ja hinnoittelussa k\u00e4ytet\u00e4\u00e4n ainoastaan Kirppis Murussa tulostettuja viivakoodillisia hintalappuja. Lis\u00e4\u00e4 arkkeja saa kassalta hintaan 0,50\u20ac\/arkki<\/p>\n\n\n\n<p>Viivakoodien avulla voit seurata myynti\u00e4si netiss\u00e4 reaaliajassa k\u00e4ytt\u00e4en linkki\u00e4 joka toimitetaan sinulle s\u00e4hk\u00f6postitse p\u00f6yt\u00e4varauksen yhteydess\u00e4. Samasta linkist\u00e4 voit my\u00f6s hinnoitella tuotteitasi etuk\u00e4teen.<\/p>\n\n\n\n<p>Voit laittaa halutessasi myyntipaikkaasi alennusmyynnin esim.-50%, se kirjataan suoraan j\u00e4rjestelm\u00e4\u00e4n, joka laskee alennuksen joka tuotteelle.<\/p>\n\n\n\n<p>Tilitys suoritetaan ensisijaisesti k\u00e4teisell\u00e4. Jos haluat myynnin loppusumman pankkitilille, pit\u00e4\u00e4 asiasta ilmoittaa viimeist\u00e4\u00e4n lauantai iltaan menness\u00e4. Yli 100\u20ac k\u00e4teistilitykset maksetaan tiistaina, ja niist\u00e4 tulee ilmoittaa viimeist\u00e4\u00e4n maanantaina.<\/p>\n\n\n\n<h2 class=\"wp-block-heading has-text-align-center has-medium-font-size\"><strong>Myyt\u00e4v\u00e4t tuotteet<\/strong><\/h2>\n\n\n\n<p>Aikuisviihdett\u00e4, elintarvikkeita, k\u00e4ytetty\u00e4 kosmetiikkaa ja alusvaatteita, piraattikopioita ja ter\u00e4aseita ei saa myyd\u00e4. <strong>Kaikkien myyt\u00e4vien tuotteiden t\u00e4ytyy olla laillisia.<\/strong><\/p>\n\n\n\n<p>Tuothan myyntiin vain puhtaita, siistej\u00e4 ja ehji\u00e4 tuotteita.<\/p>\n\n\n\n<p>HUOM! Kaikki myym\u00e4si tavarat ovat omalla vastuullasi. Kirppis Muru ei ole vastuussa rikkoutuneista tai h\u00e4vinneist\u00e4 tuotteista. Kirppis Muru ei korvaa palo-, savu- tai vesivahingoittuneita tuotteita.<\/p>\n\n\n\n<h2 class=\"wp-block-heading has-text-align-center has-medium-font-size\"><strong>Sopimuksen jatkaminen<\/strong><\/h2>\n\n\n\n<p>Jos haluat jatkaa vuokrasopimusta aiemmin sovitusta pidemp\u00e4\u00e4n, sinun pit\u00e4\u00e4 ilmoittaa siit\u00e4 erikseen.<\/p>\n\n\n\n<h2 class=\"wp-block-heading has-text-align-center has-medium-font-size\"><strong>Vuokrasopimuksen p\u00e4\u00e4ttyess\u00e4<\/strong><\/h2>\n\n\n\n<p>Vuokrasopimuksesi p\u00e4\u00e4tytty\u00e4 sinun t\u00e4ytyy tyhjent\u00e4\u00e4 ja siivota myyntipaikkasi viimeist\u00e4\u00e4n tuntia ennen sulkemisaikaa.<\/p>\n\n\n\n<p>Tuotteet, jotka l\u00f6ytyv\u00e4t ilman hintalappua tai myyntiajan p\u00e4\u00e4ttymisen j\u00e4lkeen, s\u00e4ilyv\u00e4t meill\u00e4 4 viikkoa, jonka j\u00e4lkeen lahjoitamme ne hyv\u00e4ntekev\u00e4isyyteen.<\/p>\n\n\n\n<h2 class=\"wp-block-heading has-text-align-center has-medium-font-size\"><strong>Muuta<\/strong><\/h2>\n\n\n\n<p>Pid\u00e4t\u00e4mme kaikki oikeudet j\u00e4rjestell\u00e4 myyntipaikkoja sek\u00e4 ottaa myyntip\u00f6ydist\u00e4 ja myynnist\u00e4 olevista tuotteista kuvia mainostarkoituksiin ja julkaista kuvia sosiaalisessa mediassa.<\/p>\n\n\n\n<p>Pid\u00e4t\u00e4mme kaikki oikeudet muuttaa hinnastoja sek\u00e4 myyntiehtoja.<\/p>\n<\/div>\n\n\n\n<div style=\"height:27px\" aria-hidden=\"true\" class=\"wp-block-spacer\"><\/div>\n\n\n\n<div class=\"wp-block-columns is-layout-flex wp-container-3 wp-block-columns-is-layout-flex\">\n<div class=\"wp-block-column is-layout-flow wp-block-column-is-layout-flow\" style=\"flex-basis:100%\">\n<style>\n.back-home-btn {\n  display: inline-flex;\n  align-items: center;\n  gap: 8px;\n  padding: 10px 20px;\n  font-size: 15px;\n  text-decoration: none;\n  color: #000000;\n  background: #ffffff;\n  border-radius: 25px;\n  box-shadow: 0 4px 12px rgba(0,0,0,0.15);\n  transition: all 0.5s ease;\n}\n\n.back-home-btn:hover {\n  transform: translateY(-2px);\n  box-shadow: 0 6px 18px rgba(0,0,0,0.25);\n  background: #ffffff;\n}\n\n.back-home-btn:active {\n  transform: translateY(1px);\n}\n\n.back-home-btn span {\n  font-size: 16px;\n}\n<\/style>\n\n<p>\n  <a href=\"https:\/\/www.kirppismuru.fi\/\" class=\"back-home-btn\">\n    <span>\u2190<\/span> Takaisin etusivulle\n  <\/a>\n<\/p>\n<\/div>\n<\/div>\n\n\n\n<div style=\"height:27px\" aria-hidden=\"true\" class=\"wp-block-spacer\"><\/div>\n","protected":false},"excerpt":{"rendered":"<p>Myyntipaikka &amp; hinnat Myyntipaikan hinta on normaalisti 22\u20ac\/viikko tai 75\u20ac\/kuukausi. Myyntiviikko on seitsem\u00e4n (7) aukiolop\u00e4iv\u00e4\u00e4 ja kuukausi 28 aukiolop\u00e4iv\u00e4\u00e4. Vuokralainen huolehtii itse myyntipaikkansa siisteydest\u00e4. Halutessasi voit my\u00f6s hy\u00f6dynt\u00e4\u00e4 siivouspalveluamme. Siivouspalvelun hinta on 5\u20ac\/viikko. T\u00e4yspalvelu sis\u00e4lt\u00e4\u00e4 hinnoittelun, esillepanon, siivouksen ja tavaroiden ker\u00e4yksen myynnin p\u00e4\u00e4tytty\u00e4. T\u00e4yspalvelu maksaa 35\u20ac\/7Pv ja sit\u00e4 on pidett\u00e4v\u00e4 v\u00e4hint\u00e4\u00e4n 14Pv. P\u00f6yd\u00e4n hintaan kuuluu [&hellip;]<\/p>\n","protected":false},"author":2,"featured_media":0,"parent":0,"menu_order":0,"comment_status":"closed","ping_status":"closed","template":"","meta":{"footnotes":""},"_links":{"self":[{"href":"https:\/\/www.kirppismuru.fi\/index.php?rest_route=\/wp\/v2\/pages\/93"}],"collection":[{"href":"https:\/\/www.kirppismuru.fi\/index.php?rest_route=\/wp\/v2\/pages"}],"about":[{"href":"https:\/\/www.kirppismuru.fi\/index.php?rest_route=\/wp\/v2\/types\/page"}],"author":[{"embeddable":true,"href":"https:\/\/www.kirppismuru.fi\/index.php?rest_route=\/wp\/v2\/users\/2"}],"replies":[{"embeddable":true,"href":"https:\/\/www.kirppismuru.fi\/index.php?rest_route=%2Fwp%2Fv2%2Fcomments&post=93"}],"version-history":[{"count":15,"href":"https:\/\/www.kirppismuru.fi\/index.php?rest_route=\/wp\/v2\/pages\/93\/revisions"}],"predecessor-version":[{"id":216,"href":"https:\/\/www.kirppismuru.fi\/index.php?rest_route=\/wp\/v2\/pages\/93\/revisions\/216"}],"wp:attachment":[{"href":"https:\/\/www.kirppismuru.fi\/index.php?rest_route=%2Fwp%2Fv2%2Fmedia&parent=93"}],"curies":[{"name":"wp","href":"https:\/\/api.w.org\/{rel}","templated":true}]}}